{"id":153,"date":"2026-01-05T21:29:25","date_gmt":"2026-01-05T20:29:25","guid":{"rendered":"https:\/\/lavieetbelle.be\/?page_id=153"},"modified":"2026-01-05T21:29:25","modified_gmt":"2026-01-05T20:29:25","slug":"qui-sommes-nous","status":"publish","type":"page","link":"https:\/\/lavieetbelle.be\/index.php\/qui-sommes-nous\/","title":{"rendered":"Qui sommes nous ?"},"content":{"rendered":"<div class=\"wp-block-image\">\n<figure class=\"aligncenter size-large is-resized\">\n<div class=\"wp-block-image\"><img loading=\"lazy\" decoding=\"async\" class=\"size-medium wp-image-120 aligncenter\" src=\"https:\/\/lavieetbelle.be\/wp-content\/uploads\/2026\/01\/1000020827-300x60.jpeg\" alt=\"\" width=\"300\" height=\"60\" srcset=\"https:\/\/lavieetbelle.be\/wp-content\/uploads\/2026\/01\/1000020827-300x60.jpeg 300w, https:\/\/lavieetbelle.be\/wp-content\/uploads\/2026\/01\/1000020827.jpeg 397w\" sizes=\"auto, (max-width: 300px) 100vw, 300px\" \/><\/div>\n<p class=\"has-text-align-center\">Bienvenue \u00e0 la boutique La vie &amp; Belle<\/p>\n<p class=\"has-text-align-center\">Boutique sp\u00e9cialis\u00e9e, associ\u00e9e \u00e0 une \u00e9quipe pluridisciplinaire d&rsquo;esth\u00e9ticiennes sociales, qui accompagne la personne et son entourage dans le choix de sa qualit\u00e9 de vie.<\/p>\n<div class=\"wp-block-image is-style-rounded\">\n<figure class=\"aligncenter size-large is-resized\"><img loading=\"lazy\" decoding=\"async\" class=\"wp-image-92 aligncenter\" src=\"https:\/\/lavieetbelle.be\/wp-content\/uploads\/2022\/03\/IMG_20220124_155354-768x1024.jpg\" alt=\"\" width=\"490\" height=\"655\" \/><\/figure>\n<\/div>\n<p class=\"has-text-align-center\" style=\"text-align: center;\"><strong>P\u00e9dicure m\u00e9dicale<\/strong><\/p>\n<p class=\"has-text-align-center\" style=\"text-align: center;\"><strong>R\u00e9flexologie plantaire<\/strong><\/p>\n<p class=\"has-text-align-center\" style=\"text-align: center;\"><strong>Massage relaxants<\/strong><\/p>\n<p class=\"has-text-align-center\" style=\"text-align: center;\"><strong>Soins esth\u00e9tiques, soins visages personnalis\u00e9s<\/strong><\/p>\n<p style=\"text-align: center;\"><strong>Produits de soins naturels\u00a0<\/strong><\/p>\n<p class=\"has-text-align-center\" style=\"text-align: center;\"><strong>Conseils et vente en Aromath\u00e9rapie<\/strong><\/p>\n<p class=\"has-text-align-center\" style=\"text-align: center;\"><strong>Foulard et bandeaux<\/strong><\/p>\n<p class=\"has-text-align-center\" style=\"text-align: center;\"><strong>Maquillage semi-permanent des sourcils<\/strong><\/p>\n<p style=\"text-align: center;\"><strong>Drainage lymphatique esth\u00e9tique<\/strong><\/p>\n<\/figure>\n<p style=\"text-align: center;\"><strong>Shiatsu<\/strong><\/p>\n<figure class=\"aligncenter size-large is-resized\">\n<figure class=\"wp-block-gallery has-nested-images columns-default is-cropped\">\n<figure class=\"wp-block-image\"><img loading=\"lazy\" decoding=\"async\" width=\"1920\" height=\"2560\" class=\"wp-image-107\" src=\"https:\/\/lavieetbelle.be\/wp-content\/uploads\/2022\/03\/IMG_20220124_155334-scaled.jpg\" alt=\"\" srcset=\"https:\/\/lavieetbelle.be\/wp-content\/uploads\/2022\/03\/IMG_20220124_155334-scaled.jpg 1920w, https:\/\/lavieetbelle.be\/wp-content\/uploads\/2022\/03\/IMG_20220124_155334-225x300.jpg 225w, https:\/\/lavieetbelle.be\/wp-content\/uploads\/2022\/03\/IMG_20220124_155334-768x1024.jpg 768w, https:\/\/lavieetbelle.be\/wp-content\/uploads\/2022\/03\/IMG_20220124_155334-1152x1536.jpg 1152w, https:\/\/lavieetbelle.be\/wp-content\/uploads\/2022\/03\/IMG_20220124_155334-1536x2048.jpg 1536w\" sizes=\"auto, (max-width: 1920px) 100vw, 1920px\" \/><\/figure>\n<figure class=\"wp-block-image\"><img loading=\"lazy\" decoding=\"async\" width=\"2560\" height=\"1920\" class=\"wp-image-95\" src=\"https:\/\/lavieetbelle.be\/wp-content\/uploads\/2022\/03\/IMG_20220124_183524-scaled.jpg\" alt=\"\" srcset=\"https:\/\/lavieetbelle.be\/wp-content\/uploads\/2022\/03\/IMG_20220124_183524-scaled.jpg 2560w, https:\/\/lavieetbelle.be\/wp-content\/uploads\/2022\/03\/IMG_20220124_183524-300x225.jpg 300w, https:\/\/lavieetbelle.be\/wp-content\/uploads\/2022\/03\/IMG_20220124_183524-1024x768.jpg 1024w, https:\/\/lavieetbelle.be\/wp-content\/uploads\/2022\/03\/IMG_20220124_183524-768x576.jpg 768w, https:\/\/lavieetbelle.be\/wp-content\/uploads\/2022\/03\/IMG_20220124_183524-1536x1152.jpg 1536w, https:\/\/lavieetbelle.be\/wp-content\/uploads\/2022\/03\/IMG_20220124_183524-2048x1536.jpg 2048w\" sizes=\"auto, (max-width: 2560px) 100vw, 2560px\" \/><\/figure>\n<figure class=\"wp-block-image\"><img loading=\"lazy\" decoding=\"async\" width=\"1920\" height=\"2560\" class=\"wp-image-93\" src=\"https:\/\/lavieetbelle.be\/wp-content\/uploads\/2022\/03\/IMG_20220124_183539-scaled.jpg\" alt=\"\" srcset=\"https:\/\/lavieetbelle.be\/wp-content\/uploads\/2022\/03\/IMG_20220124_183539-scaled.jpg 1920w, https:\/\/lavieetbelle.be\/wp-content\/uploads\/2022\/03\/IMG_20220124_183539-225x300.jpg 225w, https:\/\/lavieetbelle.be\/wp-content\/uploads\/2022\/03\/IMG_20220124_183539-768x1024.jpg 768w, https:\/\/lavieetbelle.be\/wp-content\/uploads\/2022\/03\/IMG_20220124_183539-1152x1536.jpg 1152w, https:\/\/lavieetbelle.be\/wp-content\/uploads\/2022\/03\/IMG_20220124_183539-1536x2048.jpg 1536w\" sizes=\"auto, (max-width: 1920px) 100vw, 1920px\" \/><\/figure>\n<figure class=\"wp-block-image\"><\/figure>\n<\/figure>\n<\/figure>\n<\/div>\n","protected":false},"excerpt":{"rendered":"<p>Bienvenue \u00e0 la boutique La vie &amp; Belle Boutique sp\u00e9cialis\u00e9e, associ\u00e9e \u00e0 une \u00e9quipe pluridisciplinaire d&rsquo;esth\u00e9ticiennes sociales, qui accompagne la personne et son entourage dans le choix de sa qualit\u00e9 de vie. P\u00e9dicure m\u00e9dicale R\u00e9flexologie plantaire Massage relaxants Soins esth\u00e9tiques, soins visages personnalis\u00e9s Produits de soins naturels\u00a0 Conseils et vente en Aromath\u00e9rapie Foulard et bandeaux &hellip; <\/p>\n","protected":false},"author":2,"featured_media":0,"parent":0,"menu_order":0,"comment_status":"closed","ping_status":"closed","template":"","meta":{"footnotes":""},"class_list":["post-153","page","type-page","status-publish","hentry"],"_links":{"self":[{"href":"https:\/\/lavieetbelle.be\/index.php\/wp-json\/wp\/v2\/pages\/153","targetHints":{"allow":["GET"]}}],"collection":[{"href":"https:\/\/lavieetbelle.be\/index.php\/wp-json\/wp\/v2\/pages"}],"about":[{"href":"https:\/\/lavieetbelle.be\/index.php\/wp-json\/wp\/v2\/types\/page"}],"author":[{"embeddable":true,"href":"https:\/\/lavieetbelle.be\/index.php\/wp-json\/wp\/v2\/users\/2"}],"replies":[{"embeddable":true,"href":"https:\/\/lavieetbelle.be\/index.php\/wp-json\/wp\/v2\/comments?post=153"}],"version-history":[{"count":7,"href":"https:\/\/lavieetbelle.be\/index.php\/wp-json\/wp\/v2\/pages\/153\/revisions"}],"predecessor-version":[{"id":160,"href":"https:\/\/lavieetbelle.be\/index.php\/wp-json\/wp\/v2\/pages\/153\/revisions\/160"}],"wp:attachment":[{"href":"https:\/\/lavieetbelle.be\/index.php\/wp-json\/wp\/v2\/media?parent=153"}],"curies":[{"name":"wp","href":"https:\/\/api.w.org\/{rel}","templated":true}]}}